hat is 2 + 3 - (-7 - -14) - 3 - (8 - 33)?
20
Calculate -5 - ((0 - (-2 - -2)) + 1072 + -1053).
-24
What is the value of -12 + 1 + 0 - (-22 + 0)?
11
18 + -6 + -90 - ((-19 - -58) + -37)
-80
What is (-151 - -162) + 81 + (-2 - 3 - -5)?
92
What is the value of -498 - -596 - (7 + (19 - 2))?
74
Calculate 17 - (2 + 13 + -18 + 24).
-4
-9 - (17 - (12 + 15) - (1 - 4 - -13))
11
What is 17 + (-11 - (-19 + 18 + -20))?
27
(-80 - (1 - 2)) + -36 + 3 + -49 + 91
-70
What is 4 + (-1 - -9) + -19 + 2 + 11 + -40?
-34
Calculate 0 - (-18 + (47 - (-17 + 42))).
-4
Evaluate (81 - 45) + (6 - 6) + 21.
57
What is -60 - ((-8 - 2) + -177 + 179 - -10)?
-62
Evaluate (-131 - (2 - 133)) + -16 + -2 + 3 - -10.
-5
Evaluate 0 + 17 - (-10 + 8 - -6).
13
Calculate 91 + -5 + (2 - (1 - -18)) - 17.
52
What is the value of (-58 - (7 - 103)) + -3?
35
Evaluate -128 + (13 - 7) + -17 - (-13 + -2).
-124
What is -38 - -39 - (-3 - 7 - -2)?
9
Evaluate -99 - -1 - (49 - 102).
-45
What is the value of (-16 - -2) + 65 + 1 + -85?
-33
What is -51 + 57 + (-4 + 6 - (58 - 1)) + 5?
-44
Evaluate 2 + -8 + -75 + 55 + (-4 - -58 - -4).
32
28 + (-4 + 34 - (14 + -1) - 14)
31
Evaluate -81 + 60 + 34 + (0 - 20) - -59.
52
Calculate 21 + ((-5 - -5) + 5 - 2) - (35 - 35).
24
What is the value of (-1 - 1) + (-107 - -28 - -62)?
-19
What is the value of (-57 - (18 - -9 - 52)) + -17?
-49
Evaluate 31 + -28 + 7 - (66 + -37).
-19
15 + -6 + 21 + 10 + -23
17
What is the value of 5093 + -5039 + (7 - 0)?
61
What is (27 - (-6 - (-2 - 2))) + 185 + -171?
43
What is 97 + 2 - (-1483 - -1647)?
-65
Calculate -20 + 2 + (72 - (33 - -13)).
8
What is -3 + 1 + (-15 - -10 - -4 - 50 - -10)?
-43
What is the value of -50 + -585 + 566 + 41 + 1?
-27
What is -28 + (-6 - (17 - (41 - -4)))?
-6
(14 - (-20 - -25)) + -16 + -6
-13
Evaluate (-3 + 1 - (26 - (8 + 37))) + 98.
115
Calculate (13 - (12 - -10)) + 15 + 2 + -2.
6
Calculate (372 - 358) + (1 - 3 - (-6 - 17)).
35
What is the value of (-10 - -34) + 11 - -7?
42
What is (-41 - -47) + -34 - 4?
-32
What is the value of 3 + 11 + -2 + -5 - (19 + (12 - 23))?
-1
(16 - 12) + (29 - 19) + (-14 - 6)
-6
Evaluate 38 + 147 + -76 + -64.
45
-18 + 22 + -14 - 54 - -9
-55
What is (15 - 29) + (-4 - (-23 + -9 - 9))?
23
What is (-24 + 22 - (-5 + 8 + -5 + 2)) + -28?
-30
Evaluate 4 + -16 - (72 + -120) - (-1 - -6).
31
What is 29 + 78 + 14 + -61?
60
-39 - ((22 - 1) + -30)
-30
Evaluate (-5 - -24) + 31 + (2 - 10) - (-1 + -9).
52
Calculate 13 - -12 - 6 - 68 - -17.
-32
Evaluate (366 - 363) + ((2 - -2) + -3 - 42).
-38
Calculate 23 + (35 - 79) - (0 - -17).
-38
12 - (15 - 27 - -12 - -68)
-56
What is 4 - 3 - 76 - (-45 + (-19 - -33) + 35)?
-79
-49 + -2 + (6 - (-3 - -10) - -10) + -4
-46
What is (-83 - (-77 + 0)) + 22?
16
Calculate (4 - 2) + 2 + -801 + 761.
-36
(2058 + -2113 - (-38 + -1)) + 73
57
Evaluate -36 + (72 - 23 - 23).
-10
Calculate -7 + 9 + 1 - (10 + -7 + -4).
4
What is (29 - 12 - 4) + -3 + (12 - (1 - -3))?
18
What is 19 - ((15 - 17) + 1) - -12?
32
Evaluate (0 - -15 - -13) + 13 - (-5 + -1).
47
What is (-10 - -77 - 12) + (-9 - 11) + 9 + 9?
53
What is 67 - 0 - ((-116 - -9) + 120)?
54
What is the value of -143 + 141 + -30 - 10?
-42
What is the value of 67 + -26 - 49 - 3?
-11
Evaluate (0 - -17) + 12 + -39 - -60.
50
What is (-90 - -30) + 133 + 27?
100
Evaluate 25 + (-27 + 25 - 14 - -29).
38
Calculate 19 + -31 + -32 + (-5 - -6 - -4).
-39
Evaluate -68 - (154 + -315) - (3 + 0 + -1).
91
Evaluate -57 - (-3 - ((2 - 2) + -3)) - (-1687 - -1693).
-63
What is the value of 19 + (-4 - -15 - -70 - 26)?
74
What is the value of 83 - 72 - -74 - 37?
48
Evaluate (5 - 43) + 15 + 0 + -1.
-24
(-479 - -505) + (-1 - -5 - 72)
-42
What is the value of 124 + (-1 + 2 - 9) + (321 - 324)?
113
Calculate (-322 - -296) + -1 + -26 + 38.
-15
-57 + 6 - (-21 - 17)
-13
(54 - 1) + (93 + -49 - -3) + -52
48
(13 - 0) + 13 + -1 + (64 - 77) - 6
6
What is the value of -45 + 57 + -52 + 29?
-11
Calculate 62 + 4 + (-28 + 4 - -10) + -3.
49
-44 + 112 - 14 - 37
17
(4 - 6 - 43) + (8 - 9) - -7
-39
Calculate (-16 - 27) + 2 - (-241 + 244).
-44
What is 30 - 62 - (-39 - (36 + -42))?
1
Calculate 19 + -19 + 22 - (52 + 21).
-51
Calculate 0 + -56 + (-501 - -534) - -19.
-4
What is the value of (115 - 193) + 33 + 5?
-40
Evaluate 31 - (-12 + 7 + -1 - 24).
61
What is 60 - (4 + 10 + (-17 + 5 - -4))?
54
What is -15 + 1 - (12 + -20 + (-20 - -3 - -14))?
-3
Evaluate 3 - (-2 - (-16 - -5)) - (132 - 136).
-2
Evaluate -6 + (-120 + -2 - 5 - (-47 + 28)).
-114
Evaluate -74 + (17 - 5) + -212 + 173.
-101
What is the value of -3 + (10 - 2 - 7) + 7?
5
Calculate 28 + -21 + -4 + 0 + 1 + -3.
1
-13 - -30 - (4 + -12 + 31)
-6
18 + 60 + -37 - 32 - (2 + -3 - -37)
-27
What is -1 + -45 - (-11696 - -11634)?
16
Evaluate (-33 + 18 - 19) + 2 - 20.
-52
What is 9 - (73 - 1 - 90)?
27
What is -21 - (-38 + 15 + 9)?
-7
Calculate -8 - (2 + -30 + 23 + 0).
-3
(2 - 35) + (-9 + 7 - -10) + 0
-25
What is the value of 102 - 47 - 4 - -5?
56
Calculate -21 + 4 + 22 + -6 + 6 + 4.
9
(1 - 68) + (1 + 17 - (121 - 116))
-54
What is 7 - (25 + -9 + -16) - (-76 - 25)?
108
Evaluate 0 + (-18 - (0 + (-28 - -20))).
-10
Calculate (-14 - (-26 + 11 + -21)) + -121.
-99
(-24 - (-18 + 3)) + -3 + -5 + -4 + 12
-9
Evaluate (1 - -2 - 5) + -10 + (-644 - -636).
-20
What is the value of -48 + 46 + (14 - -9 - 2)?
19
Calculate 14 + -10 + 31 + -1 + -8 + 3.
29
What is the value of 1 + -77 + (-52 - (-19 + (55 - 84)))?
-80
What is (-84 - -52 - (3 - -5)) + 0 + -2?
-42
-1 + 14 + (5 - 12) - (-35 - (32 + 28))
101
What is the value of 2 + -3 + -10 + -49 + (16 - -117)?
73
What is the value of -56 + (3 - -3) + (3 - 9 - (6 - 17))?
-45
What is -107 + 266 - (9 + 12)?
138
What is the value of 3 + -23 + 14 + 39 + -2 + (-4 - 0)?
27
What is the value of 81 + -167 + -31 - (-18 - 2)?
-97
What is 18 - (7 - 14 - -19 - -23)?
-17
Evaluate 1 + (492 - 421) + (-1 - 17).
54
What is the value of -2 - ((10 - -1) + (9 - 36 - -31))?
-17
What is the value of 7 + (30 - (46 + -51))?
42
(-46 + 58 - -13) + -73
-48
Calculate 1 - (14 - (3 - -20) - -26).
-16
What is the value of 0 + 7 + -16 + 30 - (-6 + (9 - -4))?
14
-10 + (-9 - (7 - (-15 - (9 + -28))))
-22
What is the value of (-1 + 0 - (-6 + -1)) + (346 - (51 - -257))?
44
Calculate -1 - (-4 - 60) - (-330 + 347).
46
What is 10 + (12 - 6) + -6 + (-14 - 4)?
-8
What is 5 + (-4 + 11 + (0 - 17) - -49)?
44
(-24 + 26 - -13) + (-8 + 6 - -92)
105
33 + -17 + 4 + -6
14
What is -84 + 0 + (17 - 15) - ((1 - -36) + -41)?
-78
Calculate (-3 - -24) + (14 - (6 + 69)).
-40
-2 + (81 - (30 - -17))
32
(-1 - -16) + 13 + -11 + -3 + -70
-56
-28 - (-22 - (-5 - 39 - -34))
-16
What is the value of 143 + 86 + 24 + -163?
90
What is -20 + 4 + (-1 - -12)?
-5
What is the value of -4 + (14 - 52) + 1 + -5 + 9?
-37
What is 25 - (36 - (37 + (-42 - 2)))?
-18
Evaluate -59 - -148 - 73 - (-10 - 0).
26
What is 12 - ((2 - 22) + 8) - 54?
-30
What is (1066 - 1085) + (-48 - -2)?
-65
Calculate (17 - (7 + 34)) + 34.
10
Calculate (-14 - (5 - (8 + 23))) + -16 - 1.
-5
-79 + 0 + 0 + 3 + (-11 + 50 - 37)
-74
What is the value of 109 - 93 - (-11 + 0 - (91 - -15))?
133
Evaluate (-45 - 5 - 5) + (-729 - -719).
-65
What is the value of -45 - 7 - -74 - (-3 - -3 - -9)?
13
What is -25 + (82 + 10 - (-90 + 70))?
87
Calculate -44 - (37 - (82 - 20)).
-19
(-51 - 17 - -84) + 31
47
Calculate 4370 + -4251 - (23 + 1 + 3).
92
What is 49 - (29 - (22 - 32))?
10
(-1 - -2) + 23 + -11
13
30 - 0 - (-1176 - -1224)
-18
Calculate (-1 + (-378 - -395) + -1 + 0 - 12) + 12.
15
What is the value of 13 - (-10 + 29 + -61 + 6 + 11)?
38
What is the value of -2 - -73 - (-1529 + 1621)?
-21
Evaluate (7 + -20 - -2) + -132 + 152.
9
Evaluate (-131 - (-445 + 337)) + (109 - (0 - 0)).
86
What is the value of (-23 - -13) + 29 - 36 - 98?
-115
0 + -29 - (1073 - 1125)
23
35 + -99 + -16 + 45
-35
What is 3 - (0 + 13 - -1 - 6) - (17 + 93)?
-115
Calculate -8 + (-26 - 33) + 28.
-39
What is the value of 124 - (9 - 15) - 191?
-61
Evaluate -58 - -176 - (-36 + 88).
66
What is (3 + -1 + -4 - (-165 + 139)) + -17?
7
What is (-27 - -1) + 27 + (-11 - -7)?
-3
What is 51 + 51 + -48 + -12 + 9?
51
Evaluate 19 + (14 + (3 - 22) - -32).
46
What is -41 - (18 + 5 - (10 + 13))?
-41
What is -52 + (5 + -4 + 8 + -2 + -4 - -3)?
-46
What is the value of -27 + (-53 - (-122 + 4))?
38
(-28 + 99 - 57) + -1 + -16 - -43
40
What is the value of 59 + (37 - 11 - 16) + (-4 - 6)?
59
Evaluate -13 + (